{"id":432,"date":"2020-05-03T12:07:14","date_gmt":"2020-05-03T10:07:14","guid":{"rendered":"https:\/\/www.marc-hofer.de\/?page_id=432"},"modified":"2025-09-13T15:51:49","modified_gmt":"2025-09-13T13:51:49","slug":"sap-logistik","status":"publish","type":"page","link":"https:\/\/www.marc-hofer.de\/?page_id=432","title":{"rendered":"SAP Logistik"},"content":{"rendered":"<p>[et_pb_section fb_built=&#8220;1&#8243; admin_label=&#8220;Header&#8220; _builder_version=&#8220;4.16&#8243; custom_padding=&#8220;0px||3px|||&#8220; locked=&#8220;off&#8220; global_colors_info=&#8220;{}&#8220;][et_pb_row column_structure=&#8220;3_5,2_5&#8243; _builder_version=&#8220;4.16&#8243; custom_padding=&#8220;27px|0px|0|0px|false|false&#8220; custom_width_px__hover=&#8220;1080px&#8220; custom_width_px__hover_enabled=&#8220;1080px&#8220; custom_width_percent__hover=&#8220;80%&#8220; custom_width_percent__hover_enabled=&#8220;80%&#8220; locked=&#8220;off&#8220; global_colors_info=&#8220;{}&#8220; make_fullwidth__hover=&#8220;off&#8220; make_fullwidth__hover_enabled=&#8220;off&#8220; use_custom_width__hover=&#8220;off&#8220; use_custom_width__hover_enabled=&#8220;off&#8220; width_unit__hover=&#8220;on&#8220; width_unit__hover_enabled=&#8220;on&#8220; use_custom_gutter__hover=&#8220;off&#8220; use_custom_gutter__hover_enabled=&#8220;off&#8220; gutter_width__hover=&#8220;3&#8243; gutter_width__hover_enabled=&#8220;3&#8243; make_equal__hover=&#8220;off&#8220; make_equal__hover_enabled=&#8220;off&#8220;][et_pb_column type=&#8220;3_5&#8243; _builder_version=&#8220;4.16&#8243; custom_padding=&#8220;|||&#8220; global_colors_info=&#8220;{}&#8220; custom_padding__hover=&#8220;|||&#8220;][et_pb_text _builder_version=&#8220;4.16&#8243; text_font_size=&#8220;16px&#8220; text_line_height=&#8220;1.8em&#8220; header_font=&#8220;Muli|700|||||||&#8220; header_font_size=&#8220;72px&#8220; header_line_height=&#8220;1.2em&#8220; animation_direction=&#8220;right&#8220; header_font_size_tablet=&#8220;&#8220; header_font_size_phone=&#8220;36px&#8220; header_font_size_last_edited=&#8220;on|phone&#8220; locked=&#8220;off&#8220; inline_fonts=&#8220;Adihaus Regular&#8220; global_colors_info=&#8220;{}&#8220; header_6_font_size__hover=&#8220;14px&#8220; header_6_font_size__hover_enabled=&#8220;14px&#8220; header_6_letter_spacing__hover=&#8220;0px&#8220; header_6_letter_spacing__hover_enabled=&#8220;0px&#8220; header_6_line_height__hover=&#8220;1em&#8220; header_6_line_height__hover_enabled=&#8220;1em&#8220; header_6_text_shadow_style__hover=&#8220;none&#8220; header_6_text_shadow_style__hover_enabled=&#8220;none&#8220; header_6_text_shadow_color__hover=&#8220;rgba(0,0,0,0.4)&#8220; header_6_text_shadow_color__hover_enabled=&#8220;rgba(0,0,0,0.4)&#8220;]<\/p>\n<h1><span face=\"Adihaus Regular\" style=\"font-family: 'Adihaus Regular';\">SAP Logistik<\/span><\/h1>\n<p>[\/et_pb_text][\/et_pb_column][et_pb_column type=&#8220;2_5&#8243; _builder_version=&#8220;4.16&#8243; custom_padding=&#8220;|||&#8220; global_colors_info=&#8220;{}&#8220; custom_padding__hover=&#8220;|||&#8220;][\/et_pb_column][\/et_pb_row][\/et_pb_section][et_pb_section fb_built=&#8220;1&#8243; _builder_version=&#8220;4.16&#8243; custom_padding=&#8220;0px||5px|||&#8220; global_colors_info=&#8220;{}&#8220;][et_pb_row _builder_version=&#8220;4.16&#8243; global_colors_info=&#8220;{}&#8220;][et_pb_column type=&#8220;4_4&#8243; _builder_version=&#8220;4.16&#8243; global_colors_info=&#8220;{}&#8220;][et_pb_blurb content_max_width=&#8220;1100px&#8220; _builder_version=&#8220;4.16&#8243; body_font=&#8220;Adihaus Regular||||||||&#8220; body_font_size=&#8220;19px&#8220; max_height=&#8220;1000px&#8220; global_colors_info=&#8220;{}&#8220;]<\/p>\n<p style=\"text-align: justify;\">Meine Schwerpunkte liegen in verschiedenen Modulen der SAP-Logistik, die ich Ihnen im Weiteren n\u00e4her erl\u00e4utere. Dar\u00fcber hinaus erkl\u00e4re ich das Zusammenspiel der SAP-Module.<\/p>\n<p>Den Rahmen bildet das SAP Enterprise Resource Planning (ERP). Das ERP selbst ist aus mehreren Modulen aufgebaut. Dabei bildet jedes Modul einen betriebswirtschaftlichen Anwendungsbereich ab. Die einzelnen SAP-Module sind eng miteinander verzahnt und bilden ein \u201eGesamtkomplex\u201c. Durch die enge Verzahnung ist ein optimales Zusammenspiel der Prozesse gew\u00e4hrleistet.<\/p>\n<p>[\/et_pb_blurb][\/et_pb_column][\/et_pb_row][\/et_pb_section][et_pb_section fb_built=&#8220;1&#8243; admin_label=&#8220;Feature Section 02&#8243; _builder_version=&#8220;4.16&#8243; use_background_color_gradient=&#8220;on&#8220; background_color_gradient_stops=&#8220;#f7f7f7 28%|#ffffff 44%&#8220; background_color_gradient_start=&#8220;#f7f7f7&#8243; background_color_gradient_start_position=&#8220;28%&#8220; background_color_gradient_end=&#8220;#ffffff&#8220; background_color_gradient_end_position=&#8220;44%&#8220; custom_margin=&#8220;||||false|false&#8220; custom_padding=&#8220;1px|0px|0px|0px||&#8220; background_last_edited=&#8220;on|desktop&#8220; global_colors_info=&#8220;{}&#8220;][et_pb_row column_structure=&#8220;1_2,1_2&#8243; make_equal=&#8220;on&#8220; disabled_on=&#8220;on|on|off&#8220; _builder_version=&#8220;4.27.4&#8243; hover_enabled=&#8220;0&#8243; global_colors_info=&#8220;{}&#8220; sticky_enabled=&#8220;0&#8243;][et_pb_column type=&#8220;1_2&#8243; _builder_version=&#8220;4.27.4&#8243; background_image=&#8220;https:\/\/www.marc-hofer.de\/wp-content\/uploads\/2025\/09\/logistik-scaled.jpg&#8220; hover_enabled=&#8220;0&#8243; global_colors_info=&#8220;{}&#8220; title_text=&#8220;logistik&#8220; sticky_enabled=&#8220;0&#8243;][et_pb_image _builder_version=&#8220;4.16&#8243; global_colors_info=&#8220;{}&#8220;][\/et_pb_image][\/et_pb_column][et_pb_column type=&#8220;1_2&#8243; _builder_version=&#8220;4.16&#8243; global_colors_info=&#8220;{}&#8220;][et_pb_text disabled_on=&#8220;on|on|off&#8220; _builder_version=&#8220;4.16&#8243; text_font_size=&#8220;19px&#8220; custom_margin=&#8220;||||false|false&#8220; custom_margin_tablet=&#8220;||||false|false&#8220; custom_margin_last_edited=&#8220;off|desktop&#8220; custom_padding=&#8220;||||false|false&#8220; global_colors_info=&#8220;{}&#8220;]<\/p>\n<h1>Module der Logistik<\/h1>\n<ul>\n<li style=\"line-height: 2;\">SAP MM \u2013 Materials Management; Materialwirtschaft<\/li>\n<li style=\"line-height: 2;\">SAP SD \u2013 Sales and Distribution; Vertrieb<\/li>\n<li style=\"line-height: 2;\">SAP LES \u2013 Logistiscs Execution System; Versand und Lagerverwaltung<\/li>\n<li style=\"line-height: 2;\">SAP WM \u2013 Warehouse Management bzw. Lagerverwaltung ist eine Hauptkomponente der Logistics Execution<\/li>\n<li style=\"line-height: 2;\">SAP EWM \u2013 Extended Warehouse Management<\/li>\n<li style=\"line-height: 2;\">SAP SRM \u2013 Stock Room Management als inoffizieller Nachfolger des SAP WM unter S\/4HANA<\/li>\n<\/ul>\n<p>[\/et_pb_text][\/et_pb_column][\/et_pb_row][et_pb_row make_equal=&#8220;on&#8220; disabled_on=&#8220;off|off|on&#8220; _builder_version=&#8220;4.16&#8243; global_colors_info=&#8220;{}&#8220;][et_pb_column type=&#8220;4_4&#8243; _builder_version=&#8220;4.16&#8243; background_enable_image=&#8220;off&#8220; global_colors_info=&#8220;{}&#8220;][et_pb_image src=&#8220;https:\/\/www.marc-hofer.de\/wp-content\/uploads\/2020\/05\/stapler_hochkant-904&#215;1024.jpg&#8220; title_text=&#8220;stapler_hochkant&#8220; _builder_version=&#8220;4.16&#8243; global_colors_info=&#8220;{}&#8220;][\/et_pb_image][et_pb_text disabled_on=&#8220;off|off|on&#8220; _builder_version=&#8220;4.16&#8243; text_font_size=&#8220;19px&#8220; custom_margin=&#8220;||||false|false&#8220; custom_margin_tablet=&#8220;||||false|false&#8220; custom_margin_last_edited=&#8220;off|desktop&#8220; custom_padding=&#8220;||||false|false&#8220; global_colors_info=&#8220;{}&#8220;]<\/p>\n<h1>Module der Logistik<\/h1>\n<ul>\n<li style=\"line-height: 2;\">SAP MM \u2013 Materials Management; Materialwirtschaft<\/li>\n<li style=\"line-height: 2;\">SAP SD \u2013 Sales and Distribution; Vertrieb<\/li>\n<li style=\"line-height: 2;\">SAP LES \u2013 Logistiscs Execution System; Versand und Lagerverwaltung<\/li>\n<li style=\"line-height: 2;\">SAP WM \u2013 Warehouse Management bzw. Lagerverwaltung ist eine Hauptkomponente der Logistics Execution<\/li>\n<li style=\"line-height: 2;\">SAP EWM \u2013 Extended Warehouse Management<\/li>\n<li style=\"line-height: 2;\">SAP SRM \u2013 Stock Room Management als inoffizieller Nachfolger des SAP WM unter S\/4HANA<\/li>\n<\/ul>\n<p>[\/et_pb_text][\/et_pb_column][\/et_pb_row][\/et_pb_section][et_pb_section fb_built=&#8220;1&#8243; _builder_version=&#8220;4.16&#8243; custom_margin=&#8220;0px||||false|false&#8220; custom_padding=&#8220;0px||0px|||&#8220; global_colors_info=&#8220;{}&#8220;][et_pb_row make_equal=&#8220;on&#8220; _builder_version=&#8220;4.16&#8243; custom_margin=&#8220;||||false|false&#8220; custom_padding=&#8220;||0px||false|false&#8220; global_colors_info=&#8220;{}&#8220;][et_pb_column type=&#8220;4_4&#8243; _builder_version=&#8220;4.16&#8243; global_colors_info=&#8220;{}&#8220;][et_pb_accordion _builder_version=&#8220;4.16&#8243; custom_margin=&#8220;||||false|false&#8220; global_colors_info=&#8220;{}&#8220;][et_pb_accordion_item title=&#8220;Materialwirtschaft&#8220; open=&#8220;on&#8220; _builder_version=&#8220;4.16&#8243; body_font=&#8220;Adihaus Regular||||||||&#8220; global_colors_info=&#8220;{}&#8220; toggle_font=&#8220;Adihaus Regular||||||||&#8220;]Die Materialwirtschaft \u2013 also das SAP MM &#8211; gilt als Meta-Modul. Sie erm\u00f6glicht Einkauf und Beschaffung sowie Bestandsf\u00fchrung und Inventur. Mit Hilfe des MM-Moduls werden die Materialst\u00e4mme gepflegt und verwaltet. Das SAP-MM-Modul schafft die Grundlagen f\u00fcr die darauf aufbauenden Module. [\/et_pb_accordion_item][et_pb_accordion_item title=&#8220;Vertrieb&#8220; _builder_version=&#8220;4.16&#8243; body_font=&#8220;Adihaus Regular||||||||&#8220; global_colors_info=&#8220;{}&#8220; toggle_font=&#8220;Adihaus Regular||||||||&#8220; open=&#8220;off&#8220;]Das SAP SD Modul  ist meines Erachtens nach das Herzst\u00fcck des SAP ERP. Es bildet komplexe Belege wie Angebot und Auftrag ab. Dar\u00fcber hinaus pflegt der Vertrieb Produkte ebenso wie Gesch\u00e4ftspartner und erzeugt die Faktura. Innerhalb des Vertriebs kommen die Stammdaten aus der Materialwirtschaft zum Einsatz. Er erstellt mit dem SAP ERP Auslieferungen mit und ohne Auftragsbezug. Zudem verkn\u00fcpft er Auslieferungen mit Transporten. Die Belege bauen aufeinander auf, in der Folge entsteht der Belegfluss.[\/et_pb_accordion_item][et_pb_accordion_item title=&#8220;Logistics Execution&#8220; _builder_version=&#8220;4.16&#8243; body_font=&#8220;Adihaus Regular||||||||&#8220; global_colors_info=&#8220;{}&#8220; toggle_font=&#8220;Adihaus Regular||||||||&#8220; open=&#8220;off&#8220;]Die Logistics Execution \u00fcbernimmt die Lagerung der Waren und den Versand. Das Warehouse Management ist eine der Hauptkomponenten. Sie befasst sich mit den Warenbewegungen. Hier ist h\u00e4ufig die Rede von der Inbound (Wareneingang), Outbound (Warenausgang) und Intralogistik (Warenbewegungen innerhalb des Lagers). Die Herausforderungen an die Lagerverwaltung sind in den vergangenen Jahren schnell gestiegen. Das SAP WM st\u00f6\u00dft mittlerweile an seine Leistungsgrenzen.[\/et_pb_accordion_item][et_pb_accordion_item title=&#8220;Extended Warehouse Management&#8220; _builder_version=&#8220;4.16&#8243; body_font=&#8220;Adihaus Regular||||||||&#8220; global_colors_info=&#8220;{}&#8220; toggle_font=&#8220;Adihaus Regular||||||||&#8220; open=&#8220;off&#8220;]Folgerichtig begann die SAP mit der Implementierung des Extended Warehouse Managements (EWM). Das EWM ist in vielen Bereichen flexibler als sein Vorg\u00e4nger gestaltet und erm\u00f6glicht somit die Abbildung anspruchsvoller Prozesse. H\u00e4ufig findet die Installation des EWMs dezentral statt. Dadurch ist sie keine unmittelbare Komponente des ERPs mehr. Ich empfehle eine dezentrale Implementierung, da sie eine bessere Performance verspricht.[\/et_pb_accordion_item][et_pb_accordion_item title=&#8220;Stock Room Management&#8220; _builder_version=&#8220;4.16&#8243; body_font=&#8220;Adihaus Regular||||||||&#8220; global_colors_info=&#8220;{}&#8220; toggle_font=&#8220;Adihaus Regular||||||||&#8220; open=&#8220;off&#8220;]Unter S\/4 HANA wird das SAP WM als integrative L\u00f6sung ein Revival erleben. Das Stock Room Management gilt als inoffizieller Nachfolger des SAP WM. Alternativ ist es auch m\u00f6glich das SAP EWM embedded unter S4\/HANA zu nutzen.[\/et_pb_accordion_item][\/et_pb_accordion][\/et_pb_column][\/et_pb_row][\/et_pb_section][et_pb_section fb_built=&#8220;1&#8243; _builder_version=&#8220;4.16&#8243; custom_margin=&#8220;2em||||false|false&#8220; custom_padding=&#8220;0px||0px|||&#8220; global_colors_info=&#8220;{}&#8220;][et_pb_row column_structure=&#8220;2_5,3_5&#8243; _builder_version=&#8220;4.16&#8243; global_colors_info=&#8220;{}&#8220;][et_pb_column type=&#8220;2_5&#8243; _builder_version=&#8220;4.16&#8243; global_colors_info=&#8220;{}&#8220;][et_pb_text _builder_version=&#8220;4.16&#8243; text_font_size=&#8220;19px&#8220; global_colors_info=&#8220;{}&#8220;]<\/p>\n<p style=\"text-align: justify;\">Ben\u00f6tigen Sie Unterst\u00fctzung bei einer Einf\u00fchrung oder bei der Erweiterung bestehender Systeme? Ich unterst\u00fctze Sie gerne bei der Konzeption, Realisierung und dem operativen Betrieb. Dabei biete ich Ihnen langfristigen und verl\u00e4sslichen Support. Treten Sie noch heute mit mir in Kontakt, um gemeinsam eine L\u00f6sung zu erarbeiten.<\/p>\n<p>[\/et_pb_text][\/et_pb_column][et_pb_column type=&#8220;3_5&#8243; _builder_version=&#8220;4.16&#8243; global_colors_info=&#8220;{}&#8220;][et_pb_contact_form title=&#8220;Kontakt&#8220; _builder_version=&#8220;4.16&#8243; _unique_id=&#8220;c949e9e7-9f7c-4f5a-9c1e-1a17e7d2191e&#8220; title_font=&#8220;Adihaus Regular||||||||&#8220; captcha_font=&#8220;Adihaus Regular||||||||&#8220; form_field_font=&#8220;Adihaus Regular||||||||&#8220; custom_button=&#8220;on&#8220; button_font=&#8220;Adihaus Regular||||||||&#8220; custom_margin=&#8220;||||false|false&#8220; global_colors_info=&#8220;{}&#8220;][et_pb_contact_field field_id=&#8220;Name&#8220; field_title=&#8220;Name&#8220; _builder_version=&#8220;4.16&#8243; global_colors_info=&#8220;{}&#8220; button_text_size__hover_enabled=&#8220;off&#8220; button_one_text_size__hover_enabled=&#8220;off&#8220; button_two_text_size__hover_enabled=&#8220;off&#8220; button_text_color__hover_enabled=&#8220;off&#8220; button_one_text_color__hover_enabled=&#8220;off&#8220; button_two_text_color__hover_enabled=&#8220;off&#8220; button_border_width__hover_enabled=&#8220;off&#8220; button_one_border_width__hover_enabled=&#8220;off&#8220; button_two_border_width__hover_enabled=&#8220;off&#8220; button_border_color__hover_enabled=&#8220;off&#8220; button_one_border_color__hover_enabled=&#8220;off&#8220; button_two_border_color__hover_enabled=&#8220;off&#8220; button_border_radius__hover_enabled=&#8220;off&#8220; button_one_border_radius__hover_enabled=&#8220;off&#8220; button_two_border_radius__hover_enabled=&#8220;off&#8220; button_letter_spacing__hover_enabled=&#8220;off&#8220; button_one_letter_spacing__hover_enabled=&#8220;off&#8220; button_two_letter_spacing__hover_enabled=&#8220;off&#8220; button_bg_color__hover_enabled=&#8220;off&#8220; button_one_bg_color__hover_enabled=&#8220;off&#8220; button_two_bg_color__hover_enabled=&#8220;off&#8220;][\/et_pb_contact_field][et_pb_contact_field field_id=&#8220;Email&#8220; field_title=&#8220;E-Mail-Adresse&#8220; field_type=&#8220;email&#8220; _builder_version=&#8220;4.16&#8243; global_colors_info=&#8220;{}&#8220; button_text_size__hover_enabled=&#8220;off&#8220; button_one_text_size__hover_enabled=&#8220;off&#8220; button_two_text_size__hover_enabled=&#8220;off&#8220; button_text_color__hover_enabled=&#8220;off&#8220; button_one_text_color__hover_enabled=&#8220;off&#8220; button_two_text_color__hover_enabled=&#8220;off&#8220; button_border_width__hover_enabled=&#8220;off&#8220; button_one_border_width__hover_enabled=&#8220;off&#8220; button_two_border_width__hover_enabled=&#8220;off&#8220; button_border_color__hover_enabled=&#8220;off&#8220; button_one_border_color__hover_enabled=&#8220;off&#8220; button_two_border_color__hover_enabled=&#8220;off&#8220; button_border_radius__hover_enabled=&#8220;off&#8220; button_one_border_radius__hover_enabled=&#8220;off&#8220; button_two_border_radius__hover_enabled=&#8220;off&#8220; button_letter_spacing__hover_enabled=&#8220;off&#8220; button_one_letter_spacing__hover_enabled=&#8220;off&#8220; button_two_letter_spacing__hover_enabled=&#8220;off&#8220; button_bg_color__hover_enabled=&#8220;off&#8220; button_one_bg_color__hover_enabled=&#8220;off&#8220; button_two_bg_color__hover_enabled=&#8220;off&#8220;][\/et_pb_contact_field][et_pb_contact_field field_id=&#8220;Message&#8220; field_title=&#8220;Nachricht&#8220; field_type=&#8220;text&#8220; fullwidth_field=&#8220;on&#8220; _builder_version=&#8220;4.16&#8243; global_colors_info=&#8220;{}&#8220; button_text_size__hover_enabled=&#8220;off&#8220; button_one_text_size__hover_enabled=&#8220;off&#8220; button_two_text_size__hover_enabled=&#8220;off&#8220; button_text_color__hover_enabled=&#8220;off&#8220; button_one_text_color__hover_enabled=&#8220;off&#8220; button_two_text_color__hover_enabled=&#8220;off&#8220; button_border_width__hover_enabled=&#8220;off&#8220; button_one_border_width__hover_enabled=&#8220;off&#8220; button_two_border_width__hover_enabled=&#8220;off&#8220; button_border_color__hover_enabled=&#8220;off&#8220; button_one_border_color__hover_enabled=&#8220;off&#8220; button_two_border_color__hover_enabled=&#8220;off&#8220; button_border_radius__hover_enabled=&#8220;off&#8220; button_one_border_radius__hover_enabled=&#8220;off&#8220; button_two_border_radius__hover_enabled=&#8220;off&#8220; button_letter_spacing__hover_enabled=&#8220;off&#8220; button_one_letter_spacing__hover_enabled=&#8220;off&#8220; button_two_letter_spacing__hover_enabled=&#8220;off&#8220; button_bg_color__hover_enabled=&#8220;off&#8220; button_one_bg_color__hover_enabled=&#8220;off&#8220; button_two_bg_color__hover_enabled=&#8220;off&#8220;][\/et_pb_contact_field][et_pb_contact_field field_id=&#8220;Datenschutz&#8220; field_title=&#8220;Datenschutz&#8220; field_type=&#8220;checkbox&#8220; checkbox_options=&#8220;%91{%22value%22:%22Ich akzeptiere die %22,%22checked%22:0,%22dragID%22:-1,%22link_url%22:%22https:\/\/www.marc-hofer.de\/datenschutz%22,%22link_text%22:%22Datenschutzerkl\u00e4rung%22}%93&#8243; fullwidth_field=&#8220;on&#8220; _builder_version=&#8220;4.16&#8243; global_colors_info=&#8220;{}&#8220;][\/et_pb_contact_field][\/et_pb_contact_form][\/et_pb_column][\/et_pb_row][\/et_pb_section]<\/p>\n","protected":false},"excerpt":{"rendered":"<p>SAP LogistikMeine Schwerpunkte liegen in verschiedenen Modulen der SAP-Logistik, die ich Ihnen im Weiteren n\u00e4her erl\u00e4utere. Dar\u00fcber hinaus erkl\u00e4re ich das Zusammenspiel der SAP-Module. Den Rahmen bildet das SAP Enterprise Resource Planning (ERP). Das ERP selbst ist aus mehreren Modulen aufgebaut. Dabei bildet jedes Modul einen betriebswirtschaftlichen Anwendungsbereich ab. Die einzelnen SAP-Module sind eng miteinander [&hellip;]<\/p>\n","protected":false},"author":1,"featured_media":0,"parent":0,"menu_order":0,"comment_status":"closed","ping_status":"open","template":"","meta":{"_et_pb_use_builder":"on","_et_pb_old_content":"","_et_gb_content_width":"","footnotes":""},"class_list":["post-432","page","type-page","status-publish","hentry"],"_links":{"self":[{"href":"https:\/\/www.marc-hofer.de\/index.php?rest_route=\/wp\/v2\/pages\/432","targetHints":{"allow":["GET"]}}],"collection":[{"href":"https:\/\/www.marc-hofer.de\/index.php?rest_route=\/wp\/v2\/pages"}],"about":[{"href":"https:\/\/www.marc-hofer.de\/index.php?rest_route=\/wp\/v2\/types\/page"}],"author":[{"embeddable":true,"href":"https:\/\/www.marc-hofer.de\/index.php?rest_route=\/wp\/v2\/users\/1"}],"replies":[{"embeddable":true,"href":"https:\/\/www.marc-hofer.de\/index.php?rest_route=%2Fwp%2Fv2%2Fcomments&post=432"}],"version-history":[{"count":1,"href":"https:\/\/www.marc-hofer.de\/index.php?rest_route=\/wp\/v2\/pages\/432\/revisions"}],"predecessor-version":[{"id":1243,"href":"https:\/\/www.marc-hofer.de\/index.php?rest_route=\/wp\/v2\/pages\/432\/revisions\/1243"}],"wp:attachment":[{"href":"https:\/\/www.marc-hofer.de\/index.php?rest_route=%2Fwp%2Fv2%2Fmedia&parent=432"}],"curies":[{"name":"wp","href":"https:\/\/api.w.org\/{rel}","templated":true}]}}