{"id":1001,"date":"2020-06-20T11:13:05","date_gmt":"2020-06-20T09:13:05","guid":{"rendered":"https:\/\/www.marc-hofer.de\/?page_id=1001"},"modified":"2020-06-20T11:13:05","modified_gmt":"2020-06-20T09:13:05","slug":"slack","status":"publish","type":"page","link":"https:\/\/www.marc-hofer.de\/?page_id=1001","title":{"rendered":"Slack"},"content":{"rendered":"<p>[et_pb_section fb_built=&#8220;1&#8243; admin_label=&#8220;Header&#8220; _builder_version=&#8220;3.22&#8243; custom_padding=&#8220;0px||3px|||&#8220; locked=&#8220;off&#8220;][et_pb_row _builder_version=&#8220;4.4.8&#8243; custom_padding=&#8220;27px|0px|0|0px|false|false&#8220; custom_width_px__hover=&#8220;1080px&#8220; custom_width_px__hover_enabled=&#8220;1080px&#8220; custom_width_percent__hover=&#8220;80%&#8220; custom_width_percent__hover_enabled=&#8220;80%&#8220; locked=&#8220;off&#8220; make_fullwidth__hover=&#8220;off&#8220; make_fullwidth__hover_enabled=&#8220;off&#8220; use_custom_width__hover=&#8220;off&#8220; use_custom_width__hover_enabled=&#8220;off&#8220; width_unit__hover=&#8220;on&#8220; width_unit__hover_enabled=&#8220;on&#8220; use_custom_gutter__hover=&#8220;off&#8220; use_custom_gutter__hover_enabled=&#8220;off&#8220; gutter_width__hover=&#8220;3&#8243; gutter_width__hover_enabled=&#8220;3&#8243; make_equal__hover=&#8220;off&#8220; make_equal__hover_enabled=&#8220;off&#8220;][et_pb_column type=&#8220;4_4&#8243; _builder_version=&#8220;3.25&#8243; custom_padding=&#8220;|||&#8220; custom_padding__hover=&#8220;|||&#8220;][et_pb_text _builder_version=&#8220;4.4.8&#8243; text_font_size=&#8220;16px&#8220; text_line_height=&#8220;1.8em&#8220; header_font=&#8220;Muli|700|||||||&#8220; header_font_size=&#8220;72px&#8220; header_line_height=&#8220;1.2em&#8220; animation_direction=&#8220;right&#8220; header_font_size_tablet=&#8220;&#8220; header_font_size_phone=&#8220;36px&#8220; header_font_size_last_edited=&#8220;on|phone&#8220; locked=&#8220;off&#8220; inline_fonts=&#8220;Adihaus Regular&#8220; header_6_font_size__hover=&#8220;14px&#8220; header_6_font_size__hover_enabled=&#8220;14px&#8220; header_6_letter_spacing__hover=&#8220;0px&#8220; header_6_letter_spacing__hover_enabled=&#8220;0px&#8220; header_6_line_height__hover=&#8220;1em&#8220; header_6_line_height__hover_enabled=&#8220;1em&#8220; header_6_text_shadow_style__hover=&#8220;none&#8220; header_6_text_shadow_style__hover_enabled=&#8220;none&#8220; header_6_text_shadow_color__hover=&#8220;rgba(0,0,0,0.4)&#8220; header_6_text_shadow_color__hover_enabled=&#8220;rgba(0,0,0,0.4)&#8220;]<\/p>\n<h1><span face=\"Adihaus Regular\" style=\"font-family: 'Adihaus Regular';\">SAP + Slack Integration<\/span><\/h1>\n<p>[\/et_pb_text][\/et_pb_column][\/et_pb_row][et_pb_row _builder_version=&#8220;4.4.8&#8243; background_enable_color=&#8220;off&#8220; background_image=&#8220;https:\/\/www.marc-hofer.de\/wp-content\/uploads\/2020\/06\/shaking-hands-2499612_1920.jpg&#8220; width=&#8220;100%&#8220; max_width=&#8220;2560%&#8220; module_alignment=&#8220;right&#8220; min_height=&#8220;603px&#8220; custom_margin=&#8220;|auto|26px|auto||&#8220; custom_padding=&#8220;||0px||false|true&#8220; use_custom_width=&#8220;on&#8220; width_unit=&#8220;off&#8220; custom_width_percent=&#8220;90%&#8220;][et_pb_column type=&#8220;4_4&#8243; _builder_version=&#8220;3.25&#8243; custom_padding=&#8220;|||&#8220; custom_padding__hover=&#8220;|||&#8220;][\/et_pb_column][\/et_pb_row][\/et_pb_section][et_pb_section fb_built=&#8220;1&#8243; _builder_version=&#8220;4.4.4&#8243; custom_padding=&#8220;0px||5px|||&#8220;][et_pb_row _builder_version=&#8220;4.4.4&#8243;][et_pb_column type=&#8220;4_4&#8243; _builder_version=&#8220;4.4.4&#8243;][et_pb_blurb title=&#8220;Die Herausforderung&#8220; content_max_width=&#8220;1100px&#8220; _builder_version=&#8220;4.4.8&#8243; header_level=&#8220;h1&#8243; header_font=&#8220;Adihaus Regular||||||||&#8220; body_font=&#8220;Adihaus Regular||||||||&#8220; body_font_size=&#8220;19px&#8220; max_height=&#8220;1000px&#8220;]<\/p>\n<p style=\"text-align: justify;\">Ein ausgereiftes Alert- und Notification Handling dient dem Schutz Ihrer Systeme und Gesch\u00e4ftsprozesse. Bef\u00e4higen Sie Ihre Mitarbeiter zeitnah zu handeln und Ursachen zu beheben. Mittels der Integration von SAP und Slack \u00fcbertragen Sie wichtige Informationen in Channels und schaffen somit Transparenz.<\/p>\n<p>[\/et_pb_blurb][\/et_pb_column][\/et_pb_row][\/et_pb_section][et_pb_section fb_built=&#8220;1&#8243; _builder_version=&#8220;4.4.4&#8243; custom_padding=&#8220;0px||5px|||&#8220; locked=&#8220;off&#8220;][et_pb_row column_structure=&#8220;3_4,1_4&#8243; _builder_version=&#8220;4.4.8&#8243;][et_pb_column type=&#8220;3_4&#8243; _builder_version=&#8220;4.4.4&#8243;][et_pb_blurb title=&#8220;Ihr Nutzen&#8220; content_max_width=&#8220;1100px&#8220; _builder_version=&#8220;4.4.8&#8243; header_level=&#8220;h1&#8243; header_font=&#8220;Adihaus Regular||||||||&#8220; body_font=&#8220;Adihaus Regular||||||||&#8220; body_font_size=&#8220;19px&#8220; max_height=&#8220;1000px&#8220;]<\/p>\n<p style=\"text-align: justify;\">Stellen Sie eine Kommunikation zwischen Ihrer SAP-Landschaft und Ihren Slack Channels her. Nutzen Sie unser Tool als proaktiven Benachrichtungsdienst in Ihrer Wertsch\u00f6pfungskette. Falls es zu Verz\u00f6gerungen oder Unterbrechungen beispielweise im Wareneingang, in der Produktionsversorgung oder im Warenausgang kommt, informieren Sie Ihre Mitarbeiter unmittelbar dar\u00fcber.<br \/> Auch bei technischen Problemen im System k\u00f6nnen Sie unsere Applikation nutzen. Bei Shortdumps oder Verbuchungsabbr\u00fcchen werden Sie direkt informiert und Ihre Mitarbeiter k\u00f6nnen die Ursache beheben. Es werden lediglich standardisierte Schnittstellen genutzt und Erweiterungen sowie Anpassungen k\u00f6nnen einfach via Customizing vorgenommen werden. Sie ben\u00f6tigen keine zus\u00e4tzliche Middleware. Jedes SAP Modul wird unterst\u00fctzt und kann von unserer Core Schnittstelle bedient werden.<\/p>\n<p>[\/et_pb_blurb][\/et_pb_column][et_pb_column type=&#8220;1_4&#8243; _builder_version=&#8220;4.4.4&#8243;][et_pb_image src=&#8220;https:\/\/www.marc-hofer.de\/wp-content\/uploads\/2020\/05\/datei.png&#8220; title_text=&#8220;datei&#8220; url=&#8220;https:\/\/www.marc-hofer.de\/wp-content\/uploads\/2020\/06\/slack.pdf&#8220; url_new_window=&#8220;on&#8220; align=&#8220;center&#8220; _builder_version=&#8220;4.4.8&#8243; width=&#8220;45%&#8220; custom_padding=&#8220;||||false|false&#8220;][\/et_pb_image][\/et_pb_column][\/et_pb_row][\/et_pb_section][et_pb_section fb_built=&#8220;1&#8243; _builder_version=&#8220;4.4.8&#8243;][et_pb_row _builder_version=&#8220;4.4.8&#8243;][et_pb_column type=&#8220;4_4&#8243; _builder_version=&#8220;4.4.8&#8243;][et_pb_text _builder_version=&#8220;4.4.8&#8243;]<\/p>\n<h1><strong>Produkt-Demo<\/strong><\/h1>\n<p>[\/et_pb_text][\/et_pb_column][\/et_pb_row][et_pb_row _builder_version=&#8220;4.4.8&#8243;][et_pb_column type=&#8220;4_4&#8243; _builder_version=&#8220;4.4.8&#8243;][et_pb_video src=&#8220;https:\/\/www.marc-hofer.de\/ext\/slack.mp4&#8243; _builder_version=&#8220;4.4.8&#8243;][\/et_pb_video][\/et_pb_column][\/et_pb_row][\/et_pb_section][et_pb_section fb_built=&#8220;1&#8243; _builder_version=&#8220;4.4.4&#8243; custom_padding=&#8220;0px||5px|||&#8220; locked=&#8220;off&#8220;][et_pb_row _builder_version=&#8220;4.4.4&#8243;][et_pb_column type=&#8220;4_4&#8243; _builder_version=&#8220;4.4.4&#8243;][et_pb_blurb title=&#8220;Verbinden Sie das Beste aus beiden Welten&#8220; content_max_width=&#8220;1100px&#8220; _builder_version=&#8220;4.4.8&#8243; header_level=&#8220;h1&#8243; header_font=&#8220;Adihaus Regular||||||||&#8220; body_font=&#8220;Adihaus Regular||||||||&#8220; body_font_size=&#8220;19px&#8220; max_height=&#8220;1000px&#8220;]<\/p>\n<p style=\"text-align: justify;\">Schaffen Sie die n\u00f6tige Transparenz, um jederzeit die Systemstabilit\u00e4t und Verf\u00fcgbarkeit zu gew\u00e4hrleisten. Steigern Sie die Qualit\u00e4t indem Ihre Mitarbeiter zeitnah auf Vorf\u00e4lle reagieren. Wir geben Ihnen ein Tool an die Hand, welches Sie bei den allt\u00e4glichen Arbeiten unterst\u00fctzt und Monitoring automatisiert.<\/p>\n<p>[\/et_pb_blurb][\/et_pb_column][\/et_pb_row][\/et_pb_section][et_pb_section fb_built=&#8220;1&#8243; _builder_version=&#8220;4.4.4&#8243; custom_margin=&#8220;2em||||false|false&#8220; custom_padding=&#8220;0px||0px|||&#8220;][et_pb_row column_structure=&#8220;2_5,3_5&#8243; _builder_version=&#8220;4.4.4&#8243;][et_pb_column type=&#8220;2_5&#8243; _builder_version=&#8220;4.4.4&#8243;][et_pb_text _builder_version=&#8220;4.4.8&#8243; text_font_size=&#8220;19px&#8220;]<\/p>\n<p style=\"text-align: justify;\">Ben\u00f6tigen Sie Unterst\u00fctzung bei einer Einf\u00fchrung oder bei der Erweiterung bestehender Systeme? Ich unterst\u00fctze Sie gerne bei der Konzeption, Realisierung und dem operativen Betrieb. Dabei biete ich Ihnen langfristigen und verl\u00e4sslichen Support. Treten Sie noch heute mit mir in Kontakt, um gemeinsam eine L\u00f6sung zu erarbeiten.<\/p>\n<p>[\/et_pb_text][\/et_pb_column][et_pb_column type=&#8220;3_5&#8243; _builder_version=&#8220;4.4.4&#8243;][et_pb_contact_form title=&#8220;Kontakt&#8220; _builder_version=&#8220;4.4.8&#8243; title_font=&#8220;Adihaus Regular||||||||&#8220; captcha_font=&#8220;Adihaus Regular||||||||&#8220; form_field_font=&#8220;Adihaus Regular||||||||&#8220; custom_button=&#8220;on&#8220; button_font=&#8220;Adihaus Regular||||||||&#8220; custom_margin=&#8220;||||false|false&#8220; hover_enabled=&#8220;0&#8243; global_module=&#8220;585&#8243;][et_pb_contact_field field_id=&#8220;Name&#8220; field_title=&#8220;Name&#8220; _builder_version=&#8220;3.16&#8243; button_text_size__hover_enabled=&#8220;off&#8220; button_one_text_size__hover_enabled=&#8220;off&#8220; button_two_text_size__hover_enabled=&#8220;off&#8220; button_text_color__hover_enabled=&#8220;off&#8220; button_one_text_color__hover_enabled=&#8220;off&#8220; button_two_text_color__hover_enabled=&#8220;off&#8220; button_border_width__hover_enabled=&#8220;off&#8220; button_one_border_width__hover_enabled=&#8220;off&#8220; button_two_border_width__hover_enabled=&#8220;off&#8220; button_border_color__hover_enabled=&#8220;off&#8220; button_one_border_color__hover_enabled=&#8220;off&#8220; button_two_border_color__hover_enabled=&#8220;off&#8220; button_border_radius__hover_enabled=&#8220;off&#8220; button_one_border_radius__hover_enabled=&#8220;off&#8220; button_two_border_radius__hover_enabled=&#8220;off&#8220; button_letter_spacing__hover_enabled=&#8220;off&#8220; button_one_letter_spacing__hover_enabled=&#8220;off&#8220; button_two_letter_spacing__hover_enabled=&#8220;off&#8220; button_bg_color__hover_enabled=&#8220;off&#8220; button_one_bg_color__hover_enabled=&#8220;off&#8220; button_two_bg_color__hover_enabled=&#8220;off&#8220;][\/et_pb_contact_field][et_pb_contact_field field_id=&#8220;Email&#8220; field_title=&#8220;E-Mail-Adresse&#8220; field_type=&#8220;email&#8220; _builder_version=&#8220;3.16&#8243; button_text_size__hover_enabled=&#8220;off&#8220; button_one_text_size__hover_enabled=&#8220;off&#8220; button_two_text_size__hover_enabled=&#8220;off&#8220; button_text_color__hover_enabled=&#8220;off&#8220; button_one_text_color__hover_enabled=&#8220;off&#8220; button_two_text_color__hover_enabled=&#8220;off&#8220; button_border_width__hover_enabled=&#8220;off&#8220; button_one_border_width__hover_enabled=&#8220;off&#8220; button_two_border_width__hover_enabled=&#8220;off&#8220; button_border_color__hover_enabled=&#8220;off&#8220; button_one_border_color__hover_enabled=&#8220;off&#8220; button_two_border_color__hover_enabled=&#8220;off&#8220; button_border_radius__hover_enabled=&#8220;off&#8220; button_one_border_radius__hover_enabled=&#8220;off&#8220; button_two_border_radius__hover_enabled=&#8220;off&#8220; button_letter_spacing__hover_enabled=&#8220;off&#8220; button_one_letter_spacing__hover_enabled=&#8220;off&#8220; button_two_letter_spacing__hover_enabled=&#8220;off&#8220; button_bg_color__hover_enabled=&#8220;off&#8220; button_one_bg_color__hover_enabled=&#8220;off&#8220; button_two_bg_color__hover_enabled=&#8220;off&#8220;][\/et_pb_contact_field][et_pb_contact_field field_id=&#8220;Message&#8220; field_title=&#8220;Nachricht&#8220; field_type=&#8220;text&#8220; fullwidth_field=&#8220;on&#8220; _builder_version=&#8220;3.16&#8243; button_text_size__hover_enabled=&#8220;off&#8220; button_one_text_size__hover_enabled=&#8220;off&#8220; button_two_text_size__hover_enabled=&#8220;off&#8220; button_text_color__hover_enabled=&#8220;off&#8220; button_one_text_color__hover_enabled=&#8220;off&#8220; button_two_text_color__hover_enabled=&#8220;off&#8220; button_border_width__hover_enabled=&#8220;off&#8220; button_one_border_width__hover_enabled=&#8220;off&#8220; button_two_border_width__hover_enabled=&#8220;off&#8220; button_border_color__hover_enabled=&#8220;off&#8220; button_one_border_color__hover_enabled=&#8220;off&#8220; button_two_border_color__hover_enabled=&#8220;off&#8220; button_border_radius__hover_enabled=&#8220;off&#8220; button_one_border_radius__hover_enabled=&#8220;off&#8220; button_two_border_radius__hover_enabled=&#8220;off&#8220; button_letter_spacing__hover_enabled=&#8220;off&#8220; button_one_letter_spacing__hover_enabled=&#8220;off&#8220; button_two_letter_spacing__hover_enabled=&#8220;off&#8220; button_bg_color__hover_enabled=&#8220;off&#8220; button_one_bg_color__hover_enabled=&#8220;off&#8220; button_two_bg_color__hover_enabled=&#8220;off&#8220;][\/et_pb_contact_field][et_pb_contact_field fullwidth_field=&#8220;on&#8220; _builder_version=&#8220;4.4.8&#8243; field_id=&#8220;Datenschutz&#8220; field_title=&#8220;Datenschutz&#8220; field_type=&#8220;checkbox&#8220; checkbox_options=&#8220;%91{%22value%22:%22Ich akzeptiere die %22,%22checked%22:0,%22dragID%22:-1,%22link_url%22:%22https:\/\/www.marc-hofer.de\/datenschutz%22,%22link_text%22:%22Datenschutzerkl\u00e4rung%22}%93&#8243; hover_enabled=&#8220;0&#8243;][\/et_pb_contact_field][\/et_pb_contact_form][\/et_pb_column][\/et_pb_row][\/et_pb_section]<\/p>\n","protected":false},"excerpt":{"rendered":"<p>SAP + Slack IntegrationEin ausgereiftes Alert- und Notification Handling dient dem Schutz Ihrer Systeme und Gesch\u00e4ftsprozesse. Bef\u00e4higen Sie Ihre Mitarbeiter zeitnah zu handeln und Ursachen zu beheben. Mittels der Integration von SAP und Slack \u00fcbertragen Sie wichtige Informationen in Channels und schaffen somit Transparenz.Stellen Sie eine Kommunikation zwischen Ihrer SAP-Landschaft und Ihren Slack Channels her. [&hellip;]<\/p>\n","protected":false},"author":1,"featured_media":0,"parent":0,"menu_order":0,"comment_status":"closed","ping_status":"closed","template":"","meta":{"_et_pb_use_builder":"on","_et_pb_old_content":"","_et_gb_content_width":"","footnotes":""},"class_list":["post-1001","page","type-page","status-publish","hentry"],"_links":{"self":[{"href":"https:\/\/www.marc-hofer.de\/index.php?rest_route=\/wp\/v2\/pages\/1001","targetHints":{"allow":["GET"]}}],"collection":[{"href":"https:\/\/www.marc-hofer.de\/index.php?rest_route=\/wp\/v2\/pages"}],"about":[{"href":"https:\/\/www.marc-hofer.de\/index.php?rest_route=\/wp\/v2\/types\/page"}],"author":[{"embeddable":true,"href":"https:\/\/www.marc-hofer.de\/index.php?rest_route=\/wp\/v2\/users\/1"}],"replies":[{"embeddable":true,"href":"https:\/\/www.marc-hofer.de\/index.php?rest_route=%2Fwp%2Fv2%2Fcomments&post=1001"}],"version-history":[{"count":0,"href":"https:\/\/www.marc-hofer.de\/index.php?rest_route=\/wp\/v2\/pages\/1001\/revisions"}],"wp:attachment":[{"href":"https:\/\/www.marc-hofer.de\/index.php?rest_route=%2Fwp%2Fv2%2Fmedia&parent=1001"}],"curies":[{"name":"wp","href":"https:\/\/api.w.org\/{rel}","templated":true}]}}